 Let x be v(5). Let b(p) = -3*p**2 + p**x + 0*p**2 + p**2 - 7*p - 4. Calculate b(-5).
6
Let d(v) be the second derivative of v**5/20 - 5*v**4/6 + 4*v**3/3 + 2*v**2 - 27*v + 1. Give d(9).
-5
Let c(k) be the second derivative of k**5/60 + 5*k**4/24 + k**3/6 + 4*k. Let z(p) be the second derivative of c(p). Suppose -4*h - 30 = h. Calculate z(h).
-7
Let n(v) be the first derivative of v**3/3 + 5*v**2/2 + 2*v - 13. Suppose 0 = 15*g - 17*g - 6. Give n(g).
-4
Let r(s) = -8*s. Let n(c) = -c**2 + 40*c - 8. Let b(f) = -n(f) - 4*r(f). Let z = -4 - -6. Suppose 0 = z*i - 2 - 12. What is b(i)?
1
Let r(y) = y**2 + 2. Let m be -4 - -1 - -4 - 0. Suppose 2*f + m = -11. Let t be -3*((-20)/f)/(-5). Calculate r(t).
6
Let m(u) be the second derivative of u**3/6 + u**2 + u - 102. What is m(-9)?
-7
Let k be (5 - 2)*(-55)/(-30)*-2. Let q(z) = -3*z - 13. Determine q(k).
20
Let b(w) = -2*w**2 + 5*w + 9. Suppose -4*y + 2 = -2*i, -3*i = 3*i - 2*y - 24. Give b(i).
-16
Let a(j) = 4*j - 4. Let z(r) be the first derivative of 7*r**2/2 - 8*r + 1. Let c = -23 - -20. Let o(g) = c*z(g) + 5*a(g). Calculate o(-4).
8
Let c(v) = v**3 - 4*v**2 + v - 2. Let s be (4 + 5)*(5 + (-70)/15). Calculate c(s).
-8
Let n(t) = 8*t + 2 - 4 + 12*t - 6*t. Let b be 2/(-6) - 20/(-6). Let x(r) = -7*r + 1. Let m(a) = b*n(a) + 5*x(a). Calculate m(1).
6
Let w = 120 + -118. Let f(p) = p**2 + 2*p + p + 2*p - w*p**2 + 4. Give f(6).
-2
Let u(t) = t**3 + 2*t**2 - 2*t + 3. Let h be u(-3). Let s(v) = 2*v + 18. Let i(q) = q. Let f(a) = i(a) - s(a). What is f(h)?
-18
Suppose 7 - 67 = -5*i. Suppose 0 = u - 2*c - 10, 0*c + i = -2*u - 4*c. Let j(o) = 2*o**2 + 2*o - 2. Calculate j(u).
10
Let w(m) = -7*m**2 + 5 - 11*m**2 + 75*m + 19*m**2 - 64*m. Suppose 6 + 24 = -3*d. What is w(d)?
-5
Suppose 0 = 3*c - 2*z - 82, 4 = 4*c - 3*c + 4*z. Suppose -8*f + c = -0*f. Let m(s) = -s**3 + 3*s**2 + s + 3. Calculate m(f).
6
Let x be 2/(-2) - 2 - -17. Let c = x + -12. Let z be c - 5 - (5 + -2). Let d(v) = -v**3 - 5*v**2 + 8*v + 4. What is d(z)?
-8
Let h(q) = q**2 - q. Let b(g) = 8*g**2 + g + 1. Let p(t) = -b(t) + 6*h(t). Determine p(-5).
-16
Let t(d) be the second derivative of d**4/12 + 2*d**3/3 + 3*d**2/2 - 64*d + 2. Determine t(5).
48
Let d(m) = -m**3 - 11*m**2 - 3*m - 2. Let x(p) = p**3 + 13*p**2 + 4*p + 2. Let g(l) = 6*d(l) + 5*x(l). What is g(2)?
-10
Let c(p) = -p**2 + 15*p - 16. Suppose -7*v = -12*v + 55. Give c(v).
28
Suppose 4*t + 161 = -5*o, -3*t + o - 97 = -0*o. Let h = t - -40. Let s(d) = d**3 - 7*d**2 + 4*d + 5. Calculate s(h).
-7
Let g(z) = -z**3 - 19*z**2 - 19*z - 18. Let a be g(-18). Let v(t) be the third derivative of 1/24*t**4 + 1/3*t**3 + a*t + 0 + 2*t**2. Calculate v(5).
7
Suppose 0 = -4*g - 0*c - 3*c - 29, -g - 3*c - 14 = 0. Let l(v) = 6*v - 8. Let d(j) = 5*j - 7. Let h(m) = g*d(m) + 4*l(m). Calculate h(7).
-4
Suppose s - 2*a = a - 3, -18 = -4*s + 2*a. Let l(r) be the second derivative of -r**4/12 + r**3 + r**2/2 - 37*r - 1. Determine l(s).
1
Let u(g) be the first derivative of -3*g + 36 - 1/2*g**2. Calculate u(-4).
1
Let o = 2 + 2. Suppose 4*t = -o - 12. Let q be 28/16*1*t. Let u(a) = a + 3. Give u(q).
-4
Let i(h) be the second derivative of 0 + 35*h - 7/12*h**4 + 1/20*h**5 - 3*h**2 - 4/3*h**3. What is i(8)?
-6
Let f(g) be the second derivative of -g**5/20 + 5*g**4/6 - g**3 - 21*g**2/2 - 278*g. What is f(9)?
6
Let d(j) be the first derivative of -j**4/4 - 5*j**3/3 + 13*j**2/2 - 12*j - 441. Determine d(-7).
-5
Let f(i) be the second derivative of 5/6*i**3 + 9/2*i**2 + 0 - 1/12*i**4 - 5*i. Calculate f(7).
-5
Let q = 2 + 4. Let o(r) = -3*r**2 - 6*r + 3. Let d(v) = 8*v**2 + 18*v - 8. Let u(c) = 4*d(c) + 11*o(c). What is u(q)?
1
Suppose 7*w - 10 = 2*w. Let c(b) = b**w - b + 7*b - b + 2. Calculate c(-4).
-2
Let t(u) = -u - 29. Let o = -214 + 214. Give t(o).
-29
Let u = -41 - -94. Let c = 54 - u. Let d(w) = 3*w**3 + w. Calculate d(c).
4
Let s(b) be the first derivative of 7 - 7*b - 1/2*b**2. What is s(-5)?
-2
Let l(s) = 8 + 6 + 2*s**2 - 31 - 2*s + s + 0. Determine l(0).
-17
Let u(a) = -3*a + 1 + 2*a + 1 - 4 + 2*a. Give u(-2).
-4
Let m(w) = 9*w**2 - 31*w - 6. Let c(r) = 4*r**2 - 14*r - 3. Let h(l) = 7*c(l) - 3*m(l). Calculate h(6).
3
Let l(r) be the second derivative of -8*r**4/3 + r**2/2 - 26*r - 6. Calculate l(-1).
-31
Let a(g) = g**2 - 6*g + 1. Suppose -5*d = 2*d - 42. Let z be a(d). Let p(y) = -4*y**2 + y - 1. Give p(z).
-4
Let g(t) be the first derivative of t**4/4 + 5*t**3/3 - 3*t**2 - 4*t - 7. Suppose 7 = 4*o + 31. Calculate g(o).
-4
Let k(q) = 6 - 9 + q**3 + 4 - 5*q**3. Calculate k(-1).
5
Let i be 2/7 - (-172)/(-14). Let t be 0 - 1/((-2)/i). Let n(d) be the second derivative of -d**4/12 - 7*d**3/6 - 3*d**2 - 6*d - 1. Determine n(t).
0
Let o(s) = -s**3 - 22*s**2 + 6. Let k = -706 - -684. Give o(k).
6
Let s(l) = 95*l - 2*l**2 - 93*l + 4 + 1 - 3*l**3 - 6. Calculate s(1).
-4
Let s(h) = -6*h - 12 + 7 + 7 - 20 + 3*h. Give s(-5).
-3
Let c(d) be the second derivative of -3*d**3/2 - 3*d**2 - 29*d. Let w(y) = 3*y + 2. Let k(q) = 6*c(q) + 17*w(q). Calculate k(-2).
4
Let k(g) = 2*g - 37. Suppose -2*v + 3*x + 25 = -21, 3*v + 4*x - 52 = 0. Calculate k(v).
3
Suppose -2*r = 3*w - 12 + 4, -6 = -2*w - r. Let q(g) = g**2 - g - 3. Give q(w).
9
Let a(k) = -k + 3. Let q(b) = -2*b + 5. Let s(g) = 5*a(g) - 2*q(g). Suppose 0 = 3*v - 4*w + w + 192, -2*v + w = 126. Let m = 62 + v. Give s(m).
5
Let f(c) be the second derivative of c**5/20 + 2*c**4/3 + 5*c**3/6 - 9*c**2/2 - c. Let d be 0 + (-9)/6 - 253/46. Calculate f(d).
5
Suppose 5*s = -3*q + 13, 11*s = q + 7*s - 10. Let j(w) = -5 + w**2 - 1 - 2*w**2 + 13*w - 5*w. Determine j(q).
6
Let n(y) = -y**2 - y + 2. Let d be n(0). Let b(s) = d - 8*s + 3*s + 9*s. What is b(2)?
10
Let b(v) = -122*v - 125*v + 241*v + 15. Let f(u) = -2*u + 5. Let l(i) = -3*b(i) + 8*f(i). Determine l(6).
7
Let a(i) = 19*i**2 + 9*i - 7. Let d be (2 + -1)/((-3)/(-21)). Suppose d*s = 7 + 42. Let p(f) = 10*f**2 + 5*f - 4. Let z(r) = s*p(r) - 4*a(r). Give z(1).
-7
Let p(z) = -2*z - z**2 + 5*z + 3*z**3 - 2*z**3 - 4*z**2 + 2. Let j be 52/(-91) + 50/14. Determine p(j).
-7
Let c(r) = -5*r**2. Let f(a) be the third derivative of a**5/60 - a**4/2 + a**3/6 + 4*a**2. Let u be f(12). Suppose 2*v - v + u = 0. What is c(v)?
-5
Let w be 464/(-7) - (-12)/42. Let y = -73 - w. Let r(s) = -s**3 - 7*s**2 + s + 2. Calculate r(y).
-5
Let i(m) = -65 + m + 25 + 28. What is i(7)?
-5
Let s(g) be the second derivative of g**5/20 + 2*g**4/3 + g**3/2 - 7*g**2/2 - 413*g. Determine s(-7).
21
Suppose 5*q - 15 = 0, -4*l + q - 3 = -5*l. Let u(s) = -2*s - 14. What is u(l)?
-14
Let q(m) = 3*m**2 + 70*m + 18. Let b be q(-23). Let i(x) = -4*x + 3. Let u(y) = 9*y - 5. Let d(j) = -5*i(j) - 2*u(j). Calculate d(b).
-15
Let n(h) = -3*h**2 - 1. Let z(a) = a - 14. Suppose -b = 2*i - 7 - 14, -5*i = -5*b + 75. Let v be z(b). Suppose c = 4 - v. Determine n(c).
-4
Let b(j) be the second derivative of 0 + 1/2*j**2 + 3/2*j**3 + 2*j. Let s(f) = -f**3 + 13*f**2 + 15*f - 13. Let x be s(14). Give b(x).
10
Let c = -85 + 88. Let o(s) = 8*s**2 - 2*s**c - 101*s + 10 + s**3 + 93*s. What is o(7)?
3
Let y(u) = u**2 - 5 + 3 - 1 + u. Suppose 0 = 5*g - 1680 + 1665. Calculate y(g).
9
Let j(n) = -n**3 - 3*n**2 - 2. Let b(g) = -g**3 - 6*g**2 - 4. Let r be b(-6). Let s be -3 - ((-20)/r + 0). Let a = s + 5. Give j(a).
-2
Let h(y) be the third derivative of -15*y**2 + 1/120*y**6 + 0*y - 1/24*y**4 + 1/2*y**3 + 0 + 1/30*y**5. Calculate h(-3).
-3
Let h be (((-24)/18)/4)/(-1)*-6. Let k(v) = -v**3 - 2*v**2 - 2*v + 2. Calculate k(h).
6
Let u be ((15/(-6))/5)/((-15)/(-30)). Let o(l) = -23*l - 2. Calculate o(u).
21
Let y(d) be the first derivative of -2*d**4 - 8*d**3/3 - 9*d**2/2 + 4*d + 8. Let o(h) = -7*h**3 - 7*h**2 - 8*h + 3. Let x(t) = 6*o(t) - 5*y(t). Give x(-2).
12
Let y(v) = 4*v - 3. Suppose 2439*b + 30 = 2433*b. Give y(b).
-23
Let z = 3073 + -3074. Let g(j) = -9*j**2 + 2*j + 1. Calculate g(z).
-10
Let o be (-88)/(-2) + (-1 - 1). Let d = 37 - o. Let r(p) = -2*p - 1. Calculate r(d).
9
Let k(d) = -d**2 - d. Let p(b) = -b**3 + 4*b**2 - 2*b - 2. Let v(o) = -3*k(o) + p(o). Suppose 3*r + 0*r - 21 = 0. Calculate v(r).
5
Let p be ((-2 - 0) + -2)/2. Let r(s) = s - 13*s**2 - 17 - 18*s + 3*s - 7*s. Let t(y) = -3*y**2 - 5*y - 4. Let m(h) = 2*r(h) - 9*t(h). What is m(p)?
0
Let j(f) be the first deriva